e highest common factor of 152 and q.
8
Suppose -2*k + 2*b - 4*b = -136, -k + 59 = -2*b. Let j(p) = -5*p + 3. Let g be j(3). Let h = g + 38. What is the highest common divisor of h and k?
13
Let p(i) = 46*i**3 - 2*i**2 + i. Let u be p(1). Suppose -15 + u = m. Suppose -33 - 99 = -11*q. What is the greatest common factor of m and q?
6
Let b be (-1926)/(-20) - 156/520. Calculate the greatest common divisor of 12 and b.
12
Let a = -1631 - -1886. Calculate the highest common factor of 6 and a.
3
Suppose 5*a + 32*b - 1945 = 37*b, 3 = b. Calculate the highest common factor of 140 and a.
28
Let m be ((-8)/(-20))/((-2)/(-10)). Suppose -5*p + p + 97 = -5*i, 5*p - 65 = -5*i. Calculate the greatest common divisor of p and m.
2
Let f be (105/3)/((-5)/(-10)). Let k = f - 63. Calculate the greatest common divisor of 77 and k.
7
Suppose -4*k + 2*j + 7694 = 0, 11*j = 4*k + 16*j - 7673. Calculate the greatest common factor of k and 62.
62
Let k(y) be the second derivative of y**4/4 + 5*y**3/6 - 5*y**2 - 37*y. Let c be k(2). Calculate the highest common divisor of 132 and c.
12
Suppose -55*c + 23676 = 1511. Calculate the greatest common factor of c and 13.
13
Let z(o) = 1107*o**3 - o**2 - 6*o - 6. Let y be z(-1). Let t be (-1)/((-4)/(-18) + y/4824). Calculate the highest common divisor of 201 and t.
67
Let h be -4 + 0 - (-2 - 0). Let n be (h/(-9))/(11/99). Calculate the greatest common factor of 1 and n.
1
Suppose q = -3*q - 20, -3*y + 2*q + 19 = 0. Suppose -4 = 11*k + 7. Let g be (-88 - y)/k - 3. What is the greatest common divisor of 8 and g?
8
Suppose 0 = c - 12*c + 143. Suppose 0 = -15*l + c*l + 40. Calculate the highest common divisor of 15 and l.
5
Suppose -3*d = -2*q + 266, -2*q - d + 32 = -234. Let r be 252/(-54)*-1*(-3)/(-2). Calculate the greatest common divisor of r and q.
7
Let h be 2 + 7 + -4 + 69. Let a = -56 + h. Calculate the greatest common factor of 198 and a.
18
Suppose -3063 + 375 = -7*u. What is the greatest common factor of u and 240?
48
Let o be -13 + -3 + 1 + -2 + 2. Let k(u) = -2*u + 30. Let x be k(o). What is the highest common factor of x and 45?
15
Suppose 14*d = 13*d + 3. Suppose 2*y - 19 = d*y. Let z = 34 + y. Calculate the greatest common factor of 6 and z.
3
Let v be (2/(-4) + 2)*(73 - -13). What is the greatest common divisor of v and 344?
43
Let s(r) = -r**3 + 3*r**2 + 6*r - 2. Let j be s(-5). Suppose j = w - 0. Suppose 5*i = 2*i + w. Calculate the highest common factor of 8 and i.
8
Let d(v) be the second derivative of 2*v**3 - 6*v**2 + 24*v. Let w be d(5). Suppose 3*a + a = 24. Calculate the highest common divisor of a and w.
6
Let g be (4 - 136)/(3/(-4)). Let q be -3 + 3/3 - 7. Let j = 25 + q. What is the greatest common divisor of j and g?
16
Suppose 0*i = 7*i - 994. Suppose -4*a = z - 0*z - 191, -3*a - 2*z = -i. Calculate the greatest common divisor of 32 and a.
16
Let x be (20 + 0)/(-18 + (-1365)/(-75)). What is the highest common divisor of 4 and x?
4
Let s = -41 - -59. Suppose -4*z = 5*r - 173, -4*r - s = -2*z + 62. What is the greatest common factor of z and 7?
7
Suppose -35*a + 71*a = 31752. What is the greatest common factor of a and 18?
18
Suppose -i - 1 = -8. Let y be (3 - 5) + -1 + i. Let f be 804/27 - y/(-18). What is the highest common factor of f and 10?
10
Let o = 114 + -19. Suppose -2*z = -2*s + 78, 23*z - 24*z - 191 = -5*s. What is the highest common factor of s and o?
19
Suppose -737*r = -750*r + 1001. Calculate the greatest common factor of r and 44.
11
Suppose 13*y - 264 - 7991 = 0. Calculate the highest common factor of 5 and y.
5
Let d(m) be the second derivative of m**4/6 + 2*m**3/3 - 3*m**2/2 - 6*m. Let x be d(-4). What is the greatest common factor of x and 26?
13
Let s = -595 - -625. Calculate the highest common factor of s and 70.
10
Suppose 43 = -8*j + 123. Calculate the greatest common factor of j and 55.
5
Suppose f = -68 + 70. Suppose 2*o - 4*o + f*s = -104, -3*o - 3*s = -156. Calculate the greatest common divisor of o and 416.
52
Let l(q) = -q**3 + 8*q**2 + 11*q + 2. Let t be l(9). Suppose -3*m + 45 - 13 = -4*b, 3*m - t = -2*b. Calculate the highest common factor of 4 and m.
4
Suppose 0 = 2*d + 13 - 5. Let p be (-12)/d*4/3. What is the greatest common factor of 20 and p?
4
Let y(r) = -r + 7. Let u be y(3). Suppose -22 = -2*m + 4*t, m - 31 = -u*m - 2*t. Let a be 79/m - 2/7. What is the greatest common divisor of 33 and a?
11
Suppose 0 = -r - 120 + 253. Calculate the highest common divisor of r and 38.
19
Let y(o) = -o + 23. Let u be y(-1). What is the greatest common divisor of u and 132?
12
Suppose d - 3*x = -1 + 53, 0 = 4*x. Suppose -u + 33 = -4*h, 4*h + d = 3*u - 47. Calculate the greatest common factor of 22 and u.
11
Let d = -205 + 226. Calculate the greatest common factor of d and 42.
21
Let y(r) = r**3 - 8*r**2 + 16*r - 47. Let l be y(7). Calculate the greatest common factor of l and 32.
16
Let i be 198/8 - 2/(-8). Suppose -5*o = -g + 3 + 82, 2*g = o + 152. Calculate the highest common factor of g and i.
25
Let k = -619 + 745. Let w = -123 - -207. What is the highest common divisor of w and k?
42
Let z be 1/11 - 21372/(-132). What is the highest common divisor of z and 2?
2
Let l be ((-3608)/820)/((-2)/570 + 0). What is the greatest common divisor of 228 and l?
114
Let t = 1009 - 932. Let n(q) = -q**3 + 8*q**2 + 10*q - 2. Let m be n(9). Calculate the greatest common divisor of m and t.
7
Suppose 4*w + 76 = 6*w. Let x be ((w/8)/1)/(58/2320). Calculate the greatest common divisor of 38 and x.
38
Let c be 295 - -12*(-1)/(-2). What is the highest common divisor of c and 7?
7
Let i be 66/10 + 10/25. Let d(o) = -o**3 + 7*o**2 + 20. Let q be d(i). What is the highest common factor of q and 4?
4
Suppose -2 = 7*w - 9*w. Let l be (-25)/15*w*-3*5. Calculate the greatest common factor of 175 and l.
25
Let a(f) = f**2 - 2*f + 3. Let n be a(2). Suppose -n*r + 22 = 5*t, 4*t = 2*r - 6*r + 24. Suppose -t*j + 3 = -23. What is the highest common divisor of j and 65?
13
Let g(w) = -w**2 + 46*w + 52. Let v be g(26). Calculate the highest common divisor of 22 and v.
22
Let b(l) = l**2 + 37*l + 110. Let d be b(-34). What is the highest common factor of 296 and d?
8
Let s = -192 + 205. Let d be (-104)/(-6)*4/((-12)/(-9)). What is the highest common divisor of s and d?
13
Suppose -22 = -2*q + 8. What is the greatest common factor of 20 and q?
5
Suppose -2*h - 14 - 22 = 0. Let c = h + 22. What is the greatest common factor of c and 4?
4
Let h(a) = -13*a - 6. Let p = 11 + -18. Let t be h(p). Suppose -27*o = -25*o - 34. What is the greatest common divisor of t and o?
17
Let o be 6/(-6*(-2)/162). What is the highest common divisor of o and 513?
27
Let i(j) = j**3 - j**2 - 5*j + 2. Let t be i(3). Suppose -2*q + 58 = 4*r - 2*r, -t*r + 142 = 4*q. Calculate the highest common factor of r and 65.
13
Let q be (-4)/2 + 90*1. Suppose -2*m - o + 58 = 0, -m - o + q = 2*m. Suppose -3*t + 0*d = 2*d - 41, d = -2. Calculate the greatest common factor of t and m.
15
Let h(m) = m**3 - 6*m**2 - 14*m - 2. Let g(b) = b**2 + 19*b + 42. Let l be g(-17). Let r be h(l). Calculate the greatest common factor of r and 21.
7
Let l(s) = 15*s - 58. Let h be l(24). Suppose -5*y + 127 = 2*w - h, 4 = 2*w. Calculate the highest common factor of y and 17.
17
Suppose -10 = -b + 14. Let a be ((-2)/(-10)*24)/(8/100). Calculate the highest common factor of a and b.
12
Let y(w) = 316*w**3 - 3*w**2 + 2*w. Let k be y(1). Calculate the greatest common factor of k and 35.
35
Suppose g + s = -0*g + 107, -3*g - 2*s + 322 = 0. Let i = 36 + g. Calculate the greatest common factor of 18 and i.
18
Suppose 122 = -v + 148. Calculate the highest common factor of v and 4082.
26
Let c be -1 + 6*(-23)/(-2). Let u = 9642 - 9591. Calculate the greatest common factor of c and u.
17
Let h(v) = v + 20. Let y be h(-12). Let g(x) = -x**2 + 8*x + 10. Let i be g(y). Calculate the highest common factor of i and 10.
10
Let i = 17 - 3. Suppose 3*y - 2102 = 2*q, 2283 = 5*y + 4*q - 1257. Suppose i*w - 18*w = -y. What is the greatest common factor of w and 16?
16
Let k(h) = -388*h + 75. Let i be k(-2). What is the greatest common factor of 23 and i?
23
Suppose 0 = s + 4*a - 61, -7*s + 4*a = -3*s - 264. What is the highest common factor of s and 20?
5
Let x(s) = -s**3 + 14*s**2 + 1